divide 69319068?
True
Is 33017743 a multiple of 11?
True
Is 188469325 a multiple of 19?
False
Is 13 a factor of 1300740649?
True
Does 8107 divide 1981945676?
False
Does 4 divide 10323512?
True
Is 22226490 a multiple of 55?
True
Is 198159131 a multiple of 11?
False
Does 16 divide 26667224?
False
Is 9 a factor of 534473034?
False
Is 11 a factor of 67376056?
True
Is 13 a factor of 37941943?
True
Is 33353816 a multiple of 933?
False
Is 12 a factor of 163292178?
False
Does 229 divide 38693672?
True
Is 23259157 a multiple of 3861?
False
Does 228 divide 611157648?
True
Is 1355335102 a multiple of 772?
False
Does 1716 divide 292595160?
True
Is 5141 a factor of 2607170753?
True
Is 490701925 a multiple of 95?
False
Is 2181755094 a multiple of 234?
False
Is 28 a factor of 163202355?
False
Is 738526861 a multiple of 456?
False
Does 1046 divide 990562000?
True
Is 75 a factor of 382234423?
False
Does 15 divide 4226687?
False
Does 20 divide 905795180?
True
Is 43545001 a multiple of 170?
False
Is 2526405468 a multiple of 11?
False
Is 3346399812 a multiple of 47?
True
Does 361 divide 18110193?
False
Is 1078126960 a multiple of 559?
False
Does 79 divide 1772126341?
True
Is 709 a factor of 69084743?
False
Does 22 divide 60406184?
False
Is 66960125 a multiple of 5?
True
Is 396691843 a multiple of 18?
False
Is 3200266458 a multiple of 474?
True
Does 323 divide 24402904?
False
Is 25 a factor of 229219975?
True
Is 14153402 a multiple of 9?
False
Does 5989 divide 310641712?
False
Is 28 a factor of 31514952?
True
Does 20 divide 7179241780?
True
Is 109 a factor of 10534850?
True
Is 177074480 a multiple of 10?
True
Does 205 divide 1903810930?
False
Is 61320598 a multiple of 277?
True
Does 58 divide 11861870?
True
Is 49 a factor of 84423845?
False
Does 97 divide 243142043?
True
Does 21 divide 23589384?
True
Is 89806348 a multiple of 460?
False
Does 34 divide 288836179?
False
Is 1412296558 a multiple of 86?
True
Is 1135 a factor of 80101446?
False
Is 2 a factor of 7892171?
False
Does 375 divide 864442125?
True
Is 201 a factor of 351288371?
False
Is 316750311 a multiple of 9?
True
Does 15 divide 1316524755?
True
Is 85670323 a multiple of 17?
False
Does 36 divide 601920180?
True
Does 810 divide 1134607368?
False
Does 296 divide 44478736?
True
Is 4168000 a multiple of 4?
True
Is 9 a factor of 1041148764?
True
Is 25 a factor of 34899789?
False
Does 33 divide 255637305?
True
Is 655874 even?
True
Is 1858510561 a multiple of 23?
True
Is 42605077 a multiple of 55?
False
Is 15 a factor of 39839430?
True
Is 47886989 a multiple of 2?
False
Does 3 divide 271780735?
False
Is 45984123 a multiple of 10?
False
Is 724184615 a multiple of 17?
True
Is 110527200 a multiple of 425?
True
Is 17722731 a multiple of 31?
True
Does 39 divide 214186931?
False
Is 11259 a factor of 1940409454?
False
Does 84 divide 13064153?
False
Is 236308351 a multiple of 25?
False
Is 102700548 a multiple of 162?
True
Does 969 divide 32345594?
False
Does 857 divide 101069438?
True
Does 193 divide 25065489?
True
Is 147710983 a multiple of 14?
False
Is 34 a factor of 641053204?
True
Does 996 divide 185407392?
True
Does 4 divide 40564466?
False
Is 476 a factor of 369652574?
False
Is 265036434 a multiple of 129?
True
Does 206 divide 408663212?
True
Is 13 a factor of 2839408?
True
Is 147974958 a multiple of 5157?
True
Is 18 a factor of 52656030?
True
Does 2874 divide 1345077540?
False
Does 13 divide 15368185?
False
Does 7 divide 92856157?
False
Is 47 a factor of 23802821?
True
Is 109 a factor of 694330?
True
Does 55 divide 6901730?
True
Is 5696371 even?
False
Does 22 divide 31072922?
False
Does 13 divide 72784558?
False
Is 2155 a factor of 271039468?
False
Is 41 a factor of 1938678309?
False
Does 364 divide 30192859?
False
Is 1764 a factor of 52543964?
False
Is 4 a factor of 1292151?
False
Does 160 divide 38928800?
True
Is 1924 a factor of 43130224?
False
Is 77 a factor of 541264339?
True
Is 183620378 a multiple of 855?
False
Is 2263 a factor of 38095412?
False
Does 28 divide 289256532?
False
Is 5050223203 a multiple of 13?
False
Is 69 a factor of 19952887?
False
Does 4 divide 1977460?
True
Is 9 a factor of 21219228?
True
Does 709 divide 485367929?
True
Is 6559508 a multiple of 46?
True
Is 6 a factor of 13362985?
False
Does 40 divide 7426920?
True
Is 5 a factor of 1573164142?
False
Does 35 divide 528410734?
False
Does 57 divide 48862566?
True
Is 13107403 a multiple of 11?
False
Is 1057 a factor of 818464058?
False
Is 30 a factor of 78885958?
False
Is 80658702 a multiple of 18?
True
Is 234176317 a multiple of 3?
False
Is 57 a factor of 49338998?
False
Does 11 divide 29927887?
True
Does 12 divide 247407250?
False
Is 1222 a factor of 217718852?
True
Is 206081496 a multiple of 908?
True
Is 987 a factor of 127258044?
False
Is 75 a factor of 161975577?
False
Is 41196661 a multiple of 20?
False
Is 171999531 a multiple of 1248?
False
Is 2602100961 a multiple of 18?
False
Does 1059 divide 51090396?
True
Is 4490 a factor of 281841790?
True
Is 54976788 a multiple of 4?
True
Is 267 a factor of 64249278?
True
Does 417 divide 543171509?
False
Is 21833076 a multiple of 816?
False
Is 130 a factor of 15439925?
False
Is 212 a factor of 14386320?
True
Does 18 divide 268885854?
True
Is 4894446448 a multiple of 688?
True
Does 4 divide 114665?
False
Does 623 divide 981056167?
True
Does 2998 divide 247810332?
False
Is 1101 a factor of 60916079?
False
Does 76 divide 2293558096?
True
Is 763631464 a multiple of 25?
False
Is 177074042 a multiple of 2959?
False
Does 1104 divide 52893749?
False
Is 10001 a factor of 1751275110?
True
Is 3259366018 a multiple of 73?
False
Is 1886 a factor of 420027288?
True
Is 12921370 a multiple of 31?
False
Does 53 divide 18442712?
False
Is 40547476 a multiple of 5?
False
Is 568 a factor of 29988128?
True
Is 1351241488 a multiple of 5?
False
Does 38 divide 39178775?
False
Is 11 a factor of 1080118261?
False
Is 6 a factor of 149463?
False
Is 98847443 a multiple of 4414?
False
Is 1134 a factor of 226270422?
True
Is 1466581480 a multiple of 1612?
True
Is 38526839 a multiple of 1763?
True
Does 3498 divide 365174795?
False
Is 2605 a factor of 1322352705?
True
Does 9 divide 1642630797?
True
Is 8180 a factor of 180254480?
True
Is 4916 a factor of 168279596?
True
Does 78 divide 58372152?
False
Is 10 a factor of 488927908?
False
Does 131 divide 581368033?
False
Does 19 divide 39169260?
True
Does 46 divide 43587208?
True
Does 15 divide 33069060?
True
Is 68477409 a multiple of 1089?
True
Is 61 a factor of 99870603?
True
Is 646214058 a multiple of 147?
True
Is 3511979 a multiple of 83?
True
Is 105882856 a multiple of 2923?
False
Is 153309861 a multiple of 27?
True
Is 90419282 a multiple of 86?
True
Is 563051230 a multiple of 5?
True
Is 262436253 a multiple of 23?
False
Is 1332765460 a multiple of 161?
False
Does 74 divide 89898308?
True
Is 52 a factor of 12225720?
True
Is 2797 a factor of 304671616?
True
Does 28 divide 36838254?
False
Does 597 divide 1035870819?
True
Is 357695449 a multiple of 307?
False
Is 102079022 a multiple of 539?
False
Is 9425165 a multiple of 3?
False
Is 139 a factor of 1623838760?
False
Is 11 a factor of 41846327?
False
Does 8 divide 27372343?
False
Is 544348927 a multiple of 27?
False
Does 57 divide 935317086?
False
Is 7 a factor of 59829168?
True
Does 41 divide 26147669?
False
Is 572 a factor of 82766958?
False
Is 5829960 a multiple of 60?
True
Does 59 divide 4797563819?
True
Does 16 divide 2664475?
False
Does 17 divide 817238515?
False
Does 1016 divide 4581503615?
False
Is 418 a factor of 929122406?
False
Does 9406 divide 324471814?
False
Is 20 a factor of 27604100?
True
Is 326 a factor of 687281279?
False
Does 3 divide 74893242?
True
Does 2240 divide 770378795?
False
Is 64628838 a multiple of 229?
True
Does 664 divide 63683794?
False
Is 441042332 a multiple of 31?
True
Is 8346250 a multiple of 110?
True
Is 510340240 a multiple of 1565?
True
Does 501 divide 16102140?
True
Is 3535 a factor of 2295982500?
True
Does 11 divide 335332698?
False
Does 2539 divide 188652017?
False
Does 3356 divide 3099578108?
True
Is 3972 a factor of 1071415224?
True
Is 230 a factor of 264217330?
True
Is 757166403 a multiple of 5001?
True
Is 44 a factor of 69099712?
True
Is 917025200 a multiple of 3304?
True
Is 49168420 a